hat is the units digit of 2/(-6) + 892096/192?
6
Let i = -10674 - -14941. What is the tens digit of i?
6
Suppose 24 = 5*v + 4*m, 12 = -3*v + 5*v + 4*m. Suppose -v = -11*b + 9*b. Suppose -4*g - 2*f = -22, -5*f = -g - b*g - 3. What is the units digit of g?
4
Let z = 2799 + 3983. What is the hundreds digit of z?
7
Suppose -7*n = -9*n - c + 7920, 0 = -2*c - 12. What is the hundreds digit of n?
9
Suppose -3*m - 5*w + 7443 = 0, 0 = 3*m - 4*w + 670 - 8059. What is the thousands digit of m?
2
Let u(v) = -208*v - 32. Let d be u(-17). Suppose n + 5*m - 853 = 0, -5*n + n + 3*m = -d. Let a = n + -613. What is the hundreds digit of a?
2
Let v = 221 + -246. Let w = v - -408. What is the hundreds digit of w?
3
What is the tens digit of (-4029)/(-6) + (6 - 98/28)?
7
Suppose 0 = -4*o - 5*q - 2167, o + 8*q - 6*q + 541 = 0. Let w = 747 + o. What is the hundreds digit of w?
2
Let z(w) = 64*w**2 - 268*w + 5. What is the tens digit of z(-9)?
0
Suppose -p = p - 2. Let a = 10 + p. Suppose 294 = -8*u + a*u. What is the units digit of u?
8
Let i(g) = -g**3 + 16*g**2 + 17*g - 27. Let q(b) = 4*b**2 + 3*b - 12. Let d be q(-3). What is the hundreds digit of i(d)?
4
Let n(v) = v**3 + 23*v**2 - v + 62. Suppose 2*l - t + 41 = 0, 0 = 5*t - 3 - 22. What is the hundreds digit of n(l)?
7
Suppose -26*g + 27*g - 19851 = 4*m, -g - 3*m = -19844. What is the thousands digit of g?
9
Suppose -2*r + 82*b + 15666 = 80*b, 4*r - 3*b - 31333 = 0. What is the tens digit of r?
3
Let i = 190 + -65. Let s = 72 - i. Let d = 141 - s. What is the units digit of d?
4
Suppose -112*w + 89*w + 17181 = 0. Let v = -11 + w. What is the units digit of v?
6
Let b = -158 - -163. Let x(a) = 19*a**2 + a. Let o be x(4). Suppose 5*j - o = -4*t, -b*j + 2*j - 60 = -t. What is the units digit of t?
2
Suppose -2*x + 4*j + 12 = 2*x, 9 = -3*j. Suppose 0*f - 3*f - 1770 = x. What is the tens digit of (-11)/(-44) - f/8?
7
Suppose 2*g = m + 3*g - 262, 5*m - 3*g = 1318. Let j = m + 43. What is the tens digit of j?
0
Let g be 345 + -4 + (-4 - -2 - -5). What is the tens digit of (g/5)/((-366)/(-45) - 8)?
1
Suppose 66*o = 322526 + 164620. What is the hundreds digit of o?
3
Suppose 87*c = 82*c - 4*d + 34989, d - 28000 = -4*c. What is the thousands digit of c?
7
Let u(v) = 2*v**3 + 2*v**2 + v + 24. Let i be u(0). What is the units digit of 32/i*-6 + 521?
3
Let i = -38 + 83. Let f = -41 + i. Suppose 2*n = 2*j + 84, 96 = -2*n + 4*n + f*j. What is the units digit of n?
4
Let q be 27545/30 + 2/(-12). Suppose 2*p + 4 - q = 0. What is the hundreds digit of p?
4
Let v(g) = -3*g**3 - 8*g**2 - 19*g - 64. Let z be v(-10). What is the tens digit of 1/4 + z/40*5?
9
Let n = 486 + -488. What is the hundreds digit of (1293 - 1) + 4 + (-2)/n?
2
Let w(h) = 595*h**2 - 4*h - 9. Let l be w(-2). Suppose l = 9*p + 4*p. What is the units digit of p?
3
Suppose 0*b = 7*b + 595. Let r = -254 - b. Let v = r + 236. What is the tens digit of v?
6
Let n be (7 - 0 - (-28)/(-7)) + 340. Let r be (-348)/(-16)*16/(-2). Let z = r + n. What is the hundreds digit of z?
1
Suppose 0 = 5*x - 3*d - 154 + 1, -4*d = x - 49. Suppose 30*s + 261 = x*s. Let u = 27 + s. What is the hundreds digit of u?
1
Let j(y) = -53*y + 383 - 194 - 202. What is the hundreds digit of j(-4)?
1
Let j = -59 - -179. What is the tens digit of -6*1385/(-2)*24/j?
3
Suppose -11*a = -3*a + 48. Let i be 197 - 3/a*4. Suppose 25*m - i = 24*m. What is the tens digit of m?
9
Let g(u) = -u**2 - 28*u - 26. Suppose -4*y + 27 + 7 = -2*q, -2*q - 14 = y. What is the units digit of g(q)?
5
Suppose 66*b = 234255 + 44971 + 484328. What is the ten thousands digit of b?
1
Suppose -2*d - 1643 + 5411 = -5*l, -4*l - 3020 = 4*d. What is the hundreds digit of (l/26)/(0 + (-1)/5)?
1
Let y = 53 + -41. Let b(u) = -u**3 + 5*u**2 - 15*u + 6. Let z be b(y). What is the tens digit of (-2)/6 - z/9?
3
Let c be 4386/30 - (-1)/(-5). Let l(k) = -2*k**3 + 2*k**2 + 6*k + 5. Let g be l(-3). Let u = c - g. What is the tens digit of u?
8
Let r = -25 + 27. Let v(g) = -8*g - 6*g + 8*g - r. What is the tens digit of v(-5)?
2
Let a = 30 + -23. Let w be a*(-1)/(-21)*6. Suppose 0 = 5*n - 4*o - 439, 5*n + w*o + o - 467 = 0. What is the units digit of n?
1
Let t = 2 + 1. Suppose 4*s - 2*g - 13 - 5 = 0, -t*g = 2*s - 5. Suppose -s*v + 231 = 3*v. What is the tens digit of v?
3
Let p(s) = 67 - 133 + 67. Let q(r) = -15*r - 10. Let b(y) = 6*p(y) + q(y). What is the units digit of b(-6)?
6
Let x(c) = c**2 - 4*c - 27. Let g be x(-4). Suppose -2*q - g*w + 222 + 905 = 0, -2*q + 1151 = -3*w. What is the hundreds digit of q?
5
Suppose 731227 + 7751975 = -11*w + 284*w. What is the tens digit of w?
7
Suppose 4*q = 3*b + 16, 0*q - 17 = 5*b + 3*q. What is the units digit of 396 + 2 + (-16)/b?
2
Suppose 29*r = 34*r - 190. Let c = -23 + r. What is the tens digit of 1062/c - (-9)/45?
7
Suppose 2*y + v = 16905, 3886 = -4*y + v + 37675. What is the thousands digit of y?
8
Suppose 3*s = 21 - 3. Let g be (-3)/9 + 74/s. Suppose -14 = 10*t - g*t. What is the units digit of t?
7
Suppose 0 = -8*v + 72 + 56. Let g = 152 - v. Let t = -45 + g. What is the units digit of t?
1
Suppose -t - 32 + 103 = 0. Let m = t - 68. Suppose -r + 122 = -m*f + 5*f, f = -3*r + 381. What is the hundreds digit of r?
1
Let f(l) = -15469*l - 16. What is the tens digit of f(-2)?
2
Let z be (23/(-2))/((48/8)/(-996)). Suppose -4*i + 5685 = z. What is the units digit of i?
4
Let x(g) be the third derivative of g**5/60 + 5*g**4/4 + 17*g**3/6 - 48*g**2 + 4*g. What is the units digit of x(21)?
8
Let l(d) = -d**2 - 7*d + 1. Let s be l(-5). Suppose 2167 = -s*m + 22*m. What is the units digit of m?
7
What is the ten thousands digit of 29/(58/(-16))*(-7581)/4?
1
Let i = 28217 - 19404. What is the tens digit of i?
1
Suppose 13*l - 11*l - 632 = 0. Suppose -l = -2*a - 56. Suppose 310 + a = 5*i. What is the units digit of i?
8
Let j = 9877 + -4594. What is the units digit of j?
3
Let a(d) be the first derivative of 17*d**2/2 - 104*d + 30. What is the units digit of a(12)?
0
Let s(z) = -z**2 - 16*z + 8. Let p be s(-11). What is the units digit of (p/6)/(7/154)?
1
Let a be 18 + (-15)/(-1)*(-6)/(-15). Suppose 12*l + a*l = 58752. What is the tens digit of l?
3
Suppose -5*g = -2*i - 15838 - 50492, -2*g = -4*i - 26548. What is the units digit of g?
4
What is the units digit of 221/((-136)/(-2064)*-15 + 1)?
6
Let m be ((-330)/(-40))/(3/(-8)). Let u = -1636 - -524. What is the hundreds digit of (u/5 + m/(-55))/(-2)?
1
Suppose -1488 = -24*p + 20*p. Suppose 3*g - p = -b - 2*g, -5*g = 2*b - 759. Suppose 5*s = 373 + b. What is the tens digit of s?
5
Let v(s) = 26*s**3 + 3*s**2 - s - 1. Suppose 15*k - 16*k - 1 = 3*l, -5*k + 5 = 5*l. What is the tens digit of v(k)?
1
Let k(s) = -s**3 - 4*s**2 + s - 17. Let x be k(-5). Suppose -152 = x*r - 7*r. Let g = r - -30. What is the tens digit of g?
6
Let s = -84 - -96. Let o = -12 + s. Suppose 3*c - v - 134 = o, -c - 18 = 3*v - 56. What is the units digit of c?
4
Let i(g) = g - 11. Let x be i(11). Let u = x + 0. Suppose -3*a + 132 = -3*z - 51, u = 5*a + 5*z - 345. What is the units digit of a?
5
Suppose -d + 4 = 3*p - 7, 4*d = 3*p - 1. Suppose p*y + 38 = -157. Let r = 149 + y. What is the units digit of r?
4
Let d(j) = 3*j**2 - 43*j + 41. Let x be d(14). Suppose 2*t = 2, x*c - t = 26*c + 1305. What is the thousands digit of c?
1
Let n(x) = -57 - x**3 - 4594*x + 10*x**2 + 8*x**2 + 4606*x. What is the units digit of n(17)?
6
Let v(y) = -7*y**2 - 135*y + 32. What is the units digit of v(-12)?
4
Suppose 0 = -6*f + 56 - 86. What is the thousands digit of (f/10)/(2/(-5328)) - -3?
1
Let m(u) = -7939*u - 41. Let y be m(-3). Suppose -19*q + y - 710 = 0. What is the units digit of q?
4
What is the tens digit of (-8295)/(-6) + (-63)/42?
8
Suppose -x + 181 = 4*o, -2*x - 4*o + 372 = -o. Let u = x + -108. What is the units digit of u?
1
Suppose 146*o - 2067025 = -274875. What is the ten thousands digit of o?
1
Let z be ((-2)/4)/((-47)/282). Suppose -2*r - 2*o + 714 = 0, -z*o + 1247 + 528 = 5*r. What is the units digit of r?
2
Let u(i) = 2*i + 101. Let h be (-14)/4*(-37 - -47). What is the tens digit of u(h)?
3
Suppose 5*j + 2*i - 12 = j, i = -2. Suppose 6 = 6*o - j*o. Suppose -3*l - 11 - 4 = 0, -u = o*l - 11. What is the tens digit of u?
2
Suppose 0 = 28964*o - 28960*o - 288284. What is the hu